{"id":175,"date":"2026-01-15T15:03:51","date_gmt":"2026-01-15T15:03:51","guid":{"rendered":"https:\/\/alterun.fr\/?page_id=175"},"modified":"2026-01-16T11:41:00","modified_gmt":"2026-01-16T11:41:00","slug":"entreprises","status":"publish","type":"page","link":"https:\/\/alterun.fr\/?page_id=175","title":{"rendered":"Entreprises"},"content":{"rendered":"\n<div class=\"wp-block-media-text has-media-on-the-right is-stacked-on-mobile\"><div class=\"wp-block-media-text__content\">\n<h1 class=\"wp-block-heading\">S\u00e9curiser vos promotions manag\u00e9riales et r\u00e9duisez le risque<\/h1>\n\n\n\n<p><strong>Probl\u00e8mes :<\/strong><\/p>\n\n\n\n<ul class=\"wp-block-list\">\n<li>promotions internes rapides<\/li>\n\n\n\n<li>managers promus sans cadre<\/li>\n\n\n\n<li>risque business r\u00e9el<\/li>\n<\/ul>\n<\/div><figure class=\"wp-block-media-text__media\"><img loading=\"lazy\" decoding=\"async\" width=\"1024\" height=\"683\" src=\"https:\/\/alterun.fr\/wp-content\/uploads\/2026\/01\/ChatGPT-Image-13-janv.-2026-13_52_52-1-1024x683.png\" alt=\"\" class=\"wp-image-241 size-full\" srcset=\"https:\/\/alterun.fr\/wp-content\/uploads\/2026\/01\/ChatGPT-Image-13-janv.-2026-13_52_52-1-1024x683.png 1024w, https:\/\/alterun.fr\/wp-content\/uploads\/2026\/01\/ChatGPT-Image-13-janv.-2026-13_52_52-1-300x200.png 300w, https:\/\/alterun.fr\/wp-content\/uploads\/2026\/01\/ChatGPT-Image-13-janv.-2026-13_52_52-1-768x512.png 768w, https:\/\/alterun.fr\/wp-content\/uploads\/2026\/01\/ChatGPT-Image-13-janv.-2026-13_52_52-1.png 1536w\" sizes=\"auto, (max-width: 1024px) 100vw, 1024px\" \/><\/figure><\/div>\n\n\n\n<h1 class=\"wp-block-heading\">Le dispositif<\/h1>\n\n\n\n<div class=\"wp-block-columns is-layout-flex wp-container-core-columns-is-layout-28f84493 wp-block-columns-is-layout-flex\">\n<div class=\"wp-block-column is-layout-flow wp-block-column-is-layout-flow\">\n<figure class=\"wp-block-image size-full\"><img loading=\"lazy\" decoding=\"async\" width=\"357\" height=\"649\" src=\"https:\/\/alterun.fr\/wp-content\/uploads\/2026\/01\/Capture-decran-2026-01-16-100932.png\" alt=\"\" class=\"wp-image-244\" srcset=\"https:\/\/alterun.fr\/wp-content\/uploads\/2026\/01\/Capture-decran-2026-01-16-100932.png 357w, https:\/\/alterun.fr\/wp-content\/uploads\/2026\/01\/Capture-decran-2026-01-16-100932-165x300.png 165w\" sizes=\"auto, (max-width: 357px) 100vw, 357px\" \/><\/figure>\n<\/div>\n\n\n\n<div class=\"wp-block-column is-layout-flow wp-block-column-is-layout-flow\">\n<h1 class=\"wp-block-heading\"><strong>Manager en 90 jours<\/strong><\/h1>\n\n\n\n<p>Promouvoir un collaborateur au management est une d\u00e9cision \u00e0 fort impact.<br>Sans cadre clair, les premiers mois g\u00e9n\u00e8rent souvent perte de performance, tensions d\u2019\u00e9quipe et surconsommation du temps dirigeant.<\/p>\n\n\n\n<p><strong>Manager en 90 jours<\/strong> est un accompagnement manag\u00e9rial court et structur\u00e9 destin\u00e9 \u00e0 <strong>s\u00e9curiser les prises de r\u00f4le manag\u00e9riales<\/strong> d\u00e8s le d\u00e9part.<\/p>\n\n\n\n<p>Sur 90 jours, nous aidons le manager \u00e0 :<\/p>\n\n\n\n<ul class=\"wp-block-list\">\n<li>clarifier son r\u00f4le et sa posture<\/li>\n\n\n\n<li>prendre des d\u00e9cisions manag\u00e9riales assum\u00e9es<\/li>\n\n\n\n<li>piloter la performance de son \u00e9quipe<\/li>\n\n\n\n<li>gagner en cr\u00e9dibilit\u00e9 et en autonomie<\/li>\n<\/ul>\n\n\n\n<p>Ce n\u2019est pas une formation th\u00e9orique, mais un <strong>dispositif d\u2019accompagnement op\u00e9rationnel<\/strong>, orient\u00e9 d\u00e9cisions, r\u00e9sultats et r\u00e9duction du risque manag\u00e9rial.<\/p>\n\n\n\n<p>\ud83d\udc49 Objectif : <strong>rendre le manager efficace rapidement<\/strong>, sans perturber l\u2019organisation ni la performance existante.<\/p>\n<\/div>\n<\/div>\n\n\n\n<h2 class=\"wp-block-heading\">Pourquoi cette approche fonctionne<\/h2>\n\n\n\n<p>Les \u00e9checs manag\u00e9riaux ne sont presque jamais li\u00e9s \u00e0 un manque de comp\u00e9tences techniques.<br>Ils apparaissent lorsque la prise de r\u00f4le n\u2019est pas cadr\u00e9e d\u00e8s le d\u00e9part.<\/p>\n\n\n\n<p>Le dispositif Alterun repose sur trois principes simples :<\/p>\n\n\n\n<h3 class=\"wp-block-heading\">1. Intervenir au moment critique<\/h3>\n\n\n\n<p>Les 90 premiers jours conditionnent la cr\u00e9dibilit\u00e9, la posture et la performance du manager.<br>C\u2019est l\u00e0 que se prennent (ou s\u2019\u00e9vitent) les d\u00e9cisions structurantes.<\/p>\n\n\n\n<h3 class=\"wp-block-heading\">2. Travailler sur des situations r\u00e9elles<\/h3>\n\n\n\n<p>Chaque accompagnement est construit \u00e0 partir du contexte r\u00e9el du manager, de son \u00e9quipe et des attentes de la direction.<br>Aucune th\u00e9orie d\u00e9connect\u00e9e de l\u2019op\u00e9rationnel.<\/p>\n\n\n\n<h3 class=\"wp-block-heading\">3. Produire des d\u00e9cisions et des cadres concrets<\/h3>\n\n\n\n<p>L\u2019objectif n\u2019est pas d\u2019\u201capprendre le management\u201d, mais de :<\/p>\n\n\n\n<ul class=\"wp-block-list\">\n<li>clarifier le r\u00f4le<\/li>\n\n\n\n<li>structurer le pilotage<\/li>\n\n\n\n<li>s\u00e9curiser les d\u00e9cisions<\/li>\n\n\n\n<li>rendre le manager autonome<\/li>\n<\/ul>\n\n\n\n<p>Cette approche permet de r\u00e9duire significativement le risque manag\u00e9rial d\u00e8s la prise de poste, sans perturber l\u2019organisation existante.<\/p>\n\n\n\n<h1 class=\"wp-block-heading\">NOS OFFRES <\/h1>\n\n\n\n<div class=\"wp-block-group alignwide is-layout-grid wp-container-core-group-is-layout-478b6e6b wp-block-group-is-layout-grid\">\n<h2 class=\"wp-block-heading has-text-align-center wp-container-content-69bc4bdf\"><mark style=\"background-color:#ffffff\" class=\"has-inline-color has-ast-global-color-1-color\">Manager en 90 jours<\/mark><\/h2>\n\n\n\n<h2 class=\"wp-block-heading has-text-align-center wp-container-content-69bc4bdf\"><mark style=\"background-color:#ffffff\" class=\"has-inline-color has-ast-global-color-0-color\">Manager augment\u00e9 IA<\/mark><\/h2>\n\n\n\n<h2 class=\"wp-block-heading has-text-align-center\"><mark style=\"background-color:rgba(0, 0, 0, 0)\" class=\"has-inline-color has-ast-global-color-0-color\">Manager la transition<\/mark><\/h2>\n\n\n\n<h2 class=\"wp-block-heading has-text-align-center\"><mark style=\"background-color:rgba(0, 0, 0, 0)\" class=\"has-inline-color has-ast-global-color-0-color\">Recruter les meilleurs<\/mark><\/h2>\n\n\n\n<h2 class=\"wp-block-heading has-text-align-center wp-container-content-69bc4bdf\"><mark style=\"background-color:rgba(0, 0, 0, 0)\" class=\"has-inline-color has-ast-global-color-0-color\">Directeur en 90 jours<\/mark><\/h2>\n<\/div>\n\n\n\n<p><\/p>\n\n\n\n<h2 class=\"wp-block-heading\">Parlons de vos enjeux manag\u00e9riaux<\/h2>\n\n\n\n<p>Un premier \u00e9change pour comprendre votre contexte et voir comment Alterun peut vous accompagner.<\/p>\n\n\n\n<div class=\"wp-block-media-text is-stacked-on-mobile\"><figure class=\"wp-block-media-text__media\"><img loading=\"lazy\" decoding=\"async\" width=\"1024\" height=\"683\" src=\"https:\/\/alterun.fr\/wp-content\/uploads\/2025\/11\/ChatGPT-Image-15-janv.-2026-15_36_14-1024x683.png\" alt=\"\" class=\"wp-image-167 size-full\" srcset=\"https:\/\/alterun.fr\/wp-content\/uploads\/2025\/11\/ChatGPT-Image-15-janv.-2026-15_36_14-1024x683.png 1024w, https:\/\/alterun.fr\/wp-content\/uploads\/2025\/11\/ChatGPT-Image-15-janv.-2026-15_36_14-300x200.png 300w, https:\/\/alterun.fr\/wp-content\/uploads\/2025\/11\/ChatGPT-Image-15-janv.-2026-15_36_14-768x512.png 768w, https:\/\/alterun.fr\/wp-content\/uploads\/2025\/11\/ChatGPT-Image-15-janv.-2026-15_36_14.png 1536w\" sizes=\"auto, (max-width: 1024px) 100vw, 1024px\" \/><\/figure><div class=\"wp-block-media-text__content\">\n<div class=\"forminator-guttenberg\"><div class=\"forminator-ui forminator-custom-form forminator-custom-form-163 forminator-design--default  forminator_ajax\" data-forminator-render=\"0\" data-form=\"forminator-module-163\" data-uid=\"69d109ad9e181\"><br\/><\/div><form\n\t\t\t\tid=\"forminator-module-163\"\n\t\t\t\tclass=\"forminator-ui forminator-custom-form forminator-custom-form-163 forminator-design--default  forminator_ajax\"\n\t\t\t\tmethod=\"post\"\n\t\t\t\tdata-forminator-render=\"0\"\n\t\t\t\tdata-form-id=\"163\"\n\t\t\t\t data-color-option=\"theme\" data-design=\"default\" data-grid=\"open\" style=\"display: none;\"\n\t\t\t\tdata-uid=\"69d109ad9e181\"\n\t\t\t><div role=\"alert\" aria-live=\"polite\" class=\"forminator-response-message forminator-error\" aria-hidden=\"true\"><\/div><div class=\"forminator-row\"><div id=\"name-1\" class=\"forminator-field-name forminator-col forminator-col-12 \"><div class=\"forminator-field\"><label for=\"forminator-field-name-1_69d109ad9e181\" id=\"forminator-field-name-1_69d109ad9e181-label\" class=\"forminator-label\">Nom<\/label><input type=\"text\" name=\"name-1\" value=\"\" placeholder=\"\" id=\"forminator-field-name-1_69d109ad9e181\" class=\"forminator-input forminator-name--field\" aria-required=\"false\" autocomplete=\"name\" \/><\/div><\/div><\/div><div class=\"forminator-row\"><div id=\"phone-1\" class=\"forminator-field-phone forminator-col forminator-col-6 \"><div class=\"forminator-field\"><label for=\"forminator-field-phone-1_69d109ad9e181\" id=\"forminator-field-phone-1_69d109ad9e181-label\" class=\"forminator-label\">T\u00e9l\u00e9phone<\/label><input type=\"text\" name=\"phone-1\" value=\"\" placeholder=\"\" id=\"forminator-field-phone-1_69d109ad9e181\" class=\"forminator-input forminator-field--phone\" data-required=\"\" aria-required=\"false\" autocomplete=\"off\" \/><\/div><\/div><div id=\"email-1\" class=\"forminator-field-email forminator-col forminator-col-6 \"><div class=\"forminator-field\"><label for=\"forminator-field-email-1_69d109ad9e181\" id=\"forminator-field-email-1_69d109ad9e181-label\" class=\"forminator-label\">Mail<\/label><input type=\"email\" name=\"email-1\" value=\"\" placeholder=\"\" id=\"forminator-field-email-1_69d109ad9e181\" class=\"forminator-input forminator-email--field\" data-required=\"\" aria-required=\"false\" autocomplete=\"email\" \/><\/div><\/div><\/div><input type=\"hidden\" name=\"referer_url\" value=\"\" \/><div class=\"forminator-row forminator-row-last\"><div class=\"forminator-col\"><div class=\"forminator-field\"><button class=\"forminator-button forminator-button-submit\">Envoyer<\/button><\/div><\/div><\/div><input type=\"hidden\" id=\"forminator_nonce\" name=\"forminator_nonce\" value=\"1e6089a144\" \/><input type=\"hidden\" name=\"_wp_http_referer\" value=\"\/index.php?rest_route=%2Fwp%2Fv2%2Fpages%2F175\" \/><input type=\"hidden\" name=\"form_id\" value=\"163\"><input type=\"hidden\" name=\"page_id\" value=\"175\"><input type=\"hidden\" name=\"form_type\" value=\"default\"><input type=\"hidden\" name=\"current_url\" value=\"https:\/\/alterun.fr\/?page_id=175\"><input type=\"hidden\" name=\"render_id\" value=\"0\"><input type=\"hidden\" name=\"action\" value=\"forminator_submit_form_custom-forms\"><\/form><\/div>\n<\/div><\/div>\n","protected":false},"excerpt":{"rendered":"<p>Le dispositif Manager en 90 jours Promouvoir un collaborateur au management est une d\u00e9cision \u00e0 fort impact.Sans cadre clair, les [&hellip;]<\/p>\n","protected":false},"author":1,"featured_media":0,"parent":0,"menu_order":2,"comment_status":"closed","ping_status":"closed","template":"","meta":{"site-sidebar-layout":"default","site-content-layout":"","ast-site-content-layout":"default","site-content-style":"default","site-sidebar-style":"default","ast-global-header-display":"","ast-banner-title-visibility":"","ast-main-header-display":"","ast-hfb-above-header-display":"","ast-hfb-below-header-display":"","ast-hfb-mobile-header-display":"","site-post-title":"disabled","ast-breadcrumbs-content":"","ast-featured-img":"","footer-sml-layout":"","theme-transparent-header-meta":"","adv-header-id-meta":"","stick-header-meta":"","header-above-stick-meta":"","header-main-stick-meta":"","header-below-stick-meta":"","astra-migrate-meta-layouts":"default","ast-page-background-enabled":"default","ast-page-background-meta":{"desktop":{"background-color":"var(--ast-global-color-5)","background-image":"","background-repeat":"repeat","background-position":"center center","background-size":"auto","background-attachment":"scroll","background-type":"","background-media":"","overlay-type":"","overlay-color":"","overlay-opacity":"","overlay-gradient":""},"tablet":{"background-color":"","background-image":"","background-repeat":"repeat","background-position":"center center","background-size":"auto","background-attachment":"scroll","background-type":"","background-media":"","overlay-type":"","overlay-color":"","overlay-opacity":"","overlay-gradient":""},"mobile":{"background-color":"","background-image":"","background-repeat":"repeat","background-position":"center center","background-size":"auto","background-attachment":"scroll","background-type":"","background-media":"","overlay-type":"","overlay-color":"","overlay-opacity":"","overlay-gradient":""}},"ast-content-background-meta":{"desktop":{"background-color":"var(--ast-global-color-4)","background-image":"","background-repeat":"repeat","background-position":"center center","background-size":"auto","background-attachment":"scroll","background-type":"","background-media":"","overlay-type":"","overlay-color":"","overlay-opacity":"","overlay-gradient":""},"tablet":{"background-color":"var(--ast-global-color-4)","background-image":"","background-repeat":"repeat","background-position":"center center","background-size":"auto","background-attachment":"scroll","background-type":"","background-media":"","overlay-type":"","overlay-color":"","overlay-opacity":"","overlay-gradient":""},"mobile":{"background-color":"var(--ast-global-color-4)","background-image":"","background-repeat":"repeat","background-position":"center center","background-size":"auto","background-attachment":"scroll","background-type":"","background-media":"","overlay-type":"","overlay-color":"","overlay-opacity":"","overlay-gradient":""}},"_kadence_starter_templates_imported_post":false,"footnotes":""},"class_list":["post-175","page","type-page","status-publish","hentry"],"_links":{"self":[{"href":"https:\/\/alterun.fr\/index.php?rest_route=\/wp\/v2\/pages\/175","targetHints":{"allow":["GET"]}}],"collection":[{"href":"https:\/\/alterun.fr\/index.php?rest_route=\/wp\/v2\/pages"}],"about":[{"href":"https:\/\/alterun.fr\/index.php?rest_route=\/wp\/v2\/types\/page"}],"author":[{"embeddable":true,"href":"https:\/\/alterun.fr\/index.php?rest_route=\/wp\/v2\/users\/1"}],"replies":[{"embeddable":true,"href":"https:\/\/alterun.fr\/index.php?rest_route=%2Fwp%2Fv2%2Fcomments&post=175"}],"version-history":[{"count":8,"href":"https:\/\/alterun.fr\/index.php?rest_route=\/wp\/v2\/pages\/175\/revisions"}],"predecessor-version":[{"id":273,"href":"https:\/\/alterun.fr\/index.php?rest_route=\/wp\/v2\/pages\/175\/revisions\/273"}],"wp:attachment":[{"href":"https:\/\/alterun.fr\/index.php?rest_route=%2Fwp%2Fv2%2Fmedia&parent=175"}],"curies":[{"name":"wp","href":"https:\/\/api.w.org\/{rel}","templated":true}]}}